 + 11*y - b. What is the units digit of y?
9
Let s(t) = -2*t**3 + 1. Let q be s(1). Let n be 105/(-12) + q/4. What is the units digit of (-10 - 2)*6/n?
8
Suppose -26 = -c - 5. What is the units digit of c?
1
Suppose 0*d + 10 = 5*d. Let k = d + 2. What is the units digit of k*6/8*2?
6
Suppose -3*c - 7 = 4*m, 0 = 3*c - 3 - 6. Let u = -2 - m. Suppose 0 = -u*s - 3*s + 70. What is the units digit of s?
4
Suppose 2*a + 0 = -2. Let k be (a/(-2))/(3/6). What is the units digit of k - (2*-1 + -2)?
5
Let j = -7 + 88. What is the tens digit of j?
8
Suppose g = -2*b + 3 + 12, -97 = -5*g + b. What is the units digit of g?
9
Let n(h) = -3*h + 20. Let k be n(6). Suppose -k*w = -5*w + 60. What is the tens digit of w?
2
Let z be (-26)/6 + (-10)/15. Let s(v) = v - 8 - 6*v + 11 + 2*v. What is the tens digit of s(z)?
1
What is the units digit of 5*(-10)/(-6)*3?
5
Suppose -5*y = 3*b - 211, -y - 4*b = 2*y - 131. Suppose -2 + y = 3*x. What is the tens digit of x?
1
Let q(u) = -u**3 + 5*u**2 - 5*u + 2. Let v be 2/(1 - (-1)/(-3)). Let g be q(v). Suppose -2*c = -5*c + f + 13, 2*f = -c - g. What is the units digit of c?
3
Let q(p) = p**2 + 5*p - 10. Let a be q(-7). Suppose a*l = 1 + 3. What is the units digit of l?
1
Let z be 13 - (1 - (-2)/(-2)). Suppose -2*i = -3*i - 8. Let t = z + i. What is the units digit of t?
5
Let h = -2 - 0. What is the units digit of -1 + -2 + 7 - h?
6
Suppose s + 132 = 5*s. Suppose -4*d = -d + s. Let z = d - -17. What is the units digit of z?
6
Let c be 9/18*88/(-2). What is the units digit of (-4)/c + (-186)/(-66)?
3
Suppose -3*m - 13 + 6 = 4*d, -3*m = d + 13. Let p be (18/(-4))/((-2)/(-4)). Let i = m - p. What is the units digit of i?
4
Suppose 4*r + r = -5*o + 175, 0 = 4*r - o - 145. Suppose 3 = u - 6. Suppose -5*h + r = -u. What is the units digit of h?
9
Let o = 36 - 57. Let y(j) = j**3 - 13*j**2 - 16*j - 11. Let i be y(14). Let x = o - i. What is the tens digit of x?
1
Suppose -4*p - 9 = -117. What is the tens digit of p?
2
Let h(u) = u + 9. Let y be h(-4). Suppose -f + y*f = 152. What is the units digit of f?
8
What is the tens digit of 1050/40 - (-1)/(-4)?
2
Let r(h) = -6*h**3 - h**2 + 5*h + 5. Let u(f) = -f**3 + f + 1. Let c(y) = r(y) - 5*u(y). Let p be c(-1). What is the units digit of (-4)/(p/1 + -2)?
2
Let m = 23 - 15. Suppose -5*o = -m - 22. What is the units digit of o?
6
Suppose -26 = n - 4*d, 4*n + 105 - 1 = -2*d. What is the tens digit of 0 + (-1)/2*n?
1
Let f = -1 + 1. Let t be f + -1 + 2 - -3. Suppose 2*v = t*v - 10. What is the units digit of v?
5
Let d(a) = 12 - 2*a + a**2 + 8 - 16. Let k be 1 + -6*(-1)/2. What is the units digit of d(k)?
2
Let d(w) = 8*w**3 + 2*w**2 - 2*w + 1. Let u(z) be the third derivative of z**4/24 + 5*z**3/3 - 2*z**2. Let s be u(-9). What is the units digit of d(s)?
9
What is the units digit of (-2)/8 + 561/68?
8
Suppose 123 = f + 4. What is the units digit of f?
9
Let q be 2/3*-3 + 1. Let v = 3 - q. What is the units digit of v?
4
Let w be (-4)/(6/(-3)) + 3. Suppose 0*v - 2*h = -v - 14, 0 = h - w. Let l = v - -11. What is the units digit of l?
7
Suppose 5*d + 10 = 0, -3*u + 3*d + 4 = -11. Suppose 2*s = i + 15, u*i + 0*i + 38 = 5*s. Suppose -s*v = -3*v - 16. What is the units digit of v?
4
Suppose 0 = -3*l + 94 + 2. What is the tens digit of l?
3
Suppose 0 = -4*a - 4*b + 4, 5*a = 3*b + 2*b + 35. Let g = 6 - a. Let d = 13 - g. What is the tens digit of d?
1
Let b(o) = o**3 - 9*o**2 - o + 6. Let g be b(9). Let k be (114/(-4))/g*4. Let t = -24 + k. What is the tens digit of t?
1
Let l(y) = y**3 - 3*y**2 + 2*y + 2. Let c be l(2). Suppose -c*d + 21 = d. What is the units digit of d?
7
Let f be (1 - 0)*(1 - 1). Let u be -2 + f + (3 - 1). What is the units digit of 8 - (0 - (0 + u))?
8
Let r = 390 - 261. What is the tens digit of r?
2
Let d = 248 + -174. What is the tens digit of d?
7
Suppose -46*l - 296 = -50*l. What is the tens digit of l?
7
Let w(t) = 2*t + 10. What is the units digit of w(10)?
0
Let x be 4 + -3 + 0/(-1). Suppose -2*g + 5 + x = 0. Suppose g*m + 28 = 7*m. What is the units digit of m?
7
Let f = 2 + -2. Suppose f = -3*c - 12 + 57. What is the units digit of c?
5
Let r(q) = -9*q**3 - 1. Let w be r(-1). Suppose 4*a - 28 + w = 0. Suppose a*v = 23 - 3. What is the units digit of v?
4
Let t be 2 + 5/((-5)/(-8)). Let g = -6 + t. Let l(d) = 2*d - 4. What is the units digit of l(g)?
4
Let b(p) be the second derivative of -1/2*p**2 + 0 - 1/4*p**4 + 1/3*p**3 - p + 1/20*p**5. What is the units digit of b(3)?
5
Let p = 37 - 25. Let i = -12 + 12. What is the units digit of i + -2 + p/3?
2
Suppose 2*b = 5*b - y + 70, -4*b = 5*y + 125. What is the units digit of (-20)/b*(-10)/(-4)?
2
What is the units digit of ((-8)/(-10))/((-7)/(-35))?
4
Let l(j) = -10*j - j**2 - j**3 - 4*j**2 - 4*j**2 + 9 - j**2. What is the units digit of l(-9)?
8
Let d(t) = 2*t - 3. Let s be d(3). Suppose -5*o = 3*y - s*o - 7, 5*y = -5*o + 5. What is the units digit of 2/y + (-18)/(-5)?
4
Let y be 190/14 - (-3)/7. Let s = -13 + y. What is the units digit of s?
1
Suppose -40 = -d - d. What is the tens digit of d?
2
Suppose 2*q + 3*a = 7, -q - 4*a + 9*a - 3 = 0. Suppose l + q = 5. Suppose 66 = 5*o + 3*w, l*o + 2*w + 3*w - 46 = 0. What is the tens digit of o?
1
Let u = 121 - -36. What is the hundreds digit of u?
1
Let q = 16 - -40. What is the units digit of q?
6
Suppose -a = -5*a + 4. What is the units digit of a?
1
Suppose 22*h - 19*h = 0. Let t(x) = -x - 1 + x**3 + x**2 - 1 + 11. What is the units digit of t(h)?
9
Let a = 0 + 2. Let x = a - -17. What is the units digit of x?
9
Suppose 5*i - 195 - 35 = 0. Suppose -2*t - 6 = -i. What is the tens digit of t?
2
Let q(m) = -2*m - 8. Let a be q(-7). Let p be 1 + a/9*3. Suppose 0 = p*c - 9 - 21. What is the units digit of c?
0
Let y(q) = -q**3 + 8*q**2 + 2*q - 12. Let j(d) = 3*d - 7. Let n be j(5). What is the units digit of y(n)?
4
Let x(c) = -c + 7. Let f be x(5). Let t(h) = 3*h**f + 2 + 2*h - h**3 - 2 - 3. What is the units digit of t(3)?
3
Let g = 7 + -15. Suppose -3*z - 2*z = -20, 0 = 2*o - z + 10. Let q = o - g. What is the units digit of q?
5
Let f(t) = -13*t. Let n be f(-6). Suppose -2*g + z = -n, -g - 3*z = -2*z - 42. What is the tens digit of g?
4
Suppose y - 8 + 7 = 0. What is the tens digit of y - -1 - 32/(-4)?
1
Let o(v) = v**2 + 5*v + 1. Suppose m + 0*m + 6 = 0. What is the units digit of o(m)?
7
Let t = 163 - 61. What is the hundreds digit of t?
1
Let r(x) = -1 - x**3 - 6*x + 4*x + 6*x**2 + 4 - 4. What is the tens digit of r(5)?
1
Suppose 2*v + 0 + 2 = -2*d, 2*v - 3*d = -17. What is the tens digit of (30/(-9))/(v/18)?
1
Suppose 0 = 4*v - 0*v - 16. Suppose -2*u + 2 + v = 0. What is the units digit of u?
3
Let q = -10 + 9. Let l be 1 + (-1)/q + -20. What is the units digit of (8/6)/(l/(-27))?
2
Let x(w) = w + 7. Let u be (25/(-20))/(1/4). Let k be x(u). What is the tens digit of k/(-1)*10/(-2)?
1
What is the tens digit of 82/6 - (-3)/9?
1
Let c(i) = 3 - 2*i - 3. Let q be 4/16 + 17/(-4). What is the units digit of c(q)?
8
Suppose -s = 5*o - 6, 0 = -4*o - 4*s + 10 - 2. Suppose 2*t - 5*h - 6 = -0*t, 5*t - 2*h - 15 = 0. What is the units digit of o/t*3 + 6?
7
Suppose 3*s = -5*b - 15, -4*b - b - 15 = s. Suppose 0*k + 2*k = 5*m - 3, s = -k + 2*m + 1. What is the units digit of k?
1
Let l(f) = -71*f - 5. What is the tens digit of l(-2)?
3
Let l(g) = 5 + g**2 - 9*g - 5 + 5 - 1. What is the units digit of l(13)?
6
Let p be ((-8)/5)/((-2)/10). Let j = 26 + -27. Let o = p + j. What is the units digit of o?
7
Let r(f) = 6*f**2. Let n = -13 + 9. Let g(x) = -x**3 - 4*x**2 + 1. Let a be g(n). What is the units digit of r(a)?
6
Suppose -j - 1 = 0, 0 = -2*r - r + 2*j + 158. What is the units digit of (-4)/6 + r/6?
8
Suppose 0 = 2*i - 4 - 0. Let o(a) = 4*a**i - 3*a**2 - 6*a + 13*a + 9. What is the units digit of o(-6)?
3
Let x = -17 - -31. Let b(p) = 6*p - 23. Let u be b(4). What is the tens digit of 1 + x - (0 - u)?
1
Let x be 1*(-4 + -1 + 3). Let c be (16/(-20))/(x/25). Suppose -4*y = -c - 10. What is the units digit of y?
5
Let w(q) = -5*q**3 + 2*q**2 + 2*q - 16. What is the hundreds digit of w(-4)?
3
Suppose -2*s - 21 = 5*a - 0*a, 5*s - 35 = 5*a. Let f(o) = o + 2*o**2 + 2*o**2 - 3*o**2. What is the tens digit of f(a)?
2
Suppose -5*s + 31 = 11, n + 4*s = 18. Suppose g - 5*d = -15, n*d 